69248?
0
What is the billions digit of 1311667620?
1
What is the units digit of 870901182?
2
What is the hundreds digit of 109733558?
5
What is the ten thousands digit of 292148923?
4
What is the tens digit of 913549640?
4
What is the ten thousands digit of 7425626169?
2
What is the ten thousands digit of 886468212?
6
What is the tens digit of 30223121?
2
What is the millions digit of 107726037?
7
What is the thousands digit of 31874353?
4
What is the thousands digit of 157918127?
8
What is the ten millions digit of 65240927?
6
What is the thousands digit of 28556469?
6
What is the thousands digit of 30989304?
9
What is the hundreds digit of 67552864?
8
What is the hundred thousands digit of 9010936375?
9
What is the hundreds digit of 18637148?
1
What is the ten thousands digit of 527784677?
8
What is the thousands digit of 39701007?
1
What is the hundred millions digit of 7290327196?
2
What is the ten thousands digit of 41076770?
7
What is the ten thousands digit of 827238395?
3
What is the units digit of 2856772968?
8
What is the millions digit of 48856111?
8
What is the millions digit of 82548680?
2
What is the units digit of 1222467267?
7
What is the tens digit of 445424063?
6
What is the hundreds digit of 38886215?
2
What is the tens digit of 1228747421?
2
What is the tens digit of 2868620?
2
What is the billions digit of 1180019240?
1
What is the thousands digit of 148292580?
2
What is the ten thousands digit of 5994157?
9
What is the ten thousands digit of 43955128?
5
What is the hundreds digit of 1555660731?
7
What is the ten millions digit of 1356400241?
5
What is the hundred thousands digit of 99005545?
0
What is the tens digit of 47023716?
1
What is the hundred thousands digit of 39759177?
7
What is the hundreds digit of 37223341?
3
What is the ten thousands digit of 150280631?
8
What is the ten thousands digit of 126582107?
8
What is the hundred millions digit of 411120049?
4
What is the hundreds digit of 183067175?
1
What is the ten millions digit of 73145413?
7
What is the thousands digit of 412792045?
2
What is the units digit of 93932521?
1
What is the thousands digit of 86677904?
7
What is the hundreds digit of 40116036?
0
What is the billions digit of 3573593917?
3
What is the ten millions digit of 265111729?
6
What is the ten millions digit of 8436641349?
3
What is the hundreds digit of 1084210357?
3
What is the tens digit of 138004437?
3
What is the tens digit of 53062557?
5
What is the thousands digit of 116159209?
9
What is the millions digit of 21070564?
1
What is the ten millions digit of 91878760?
9
What is the ten thousands digit of 137788882?
8
What is the ten millions digit of 6330764633?
3
What is the tens digit of 17095380?
8
What is the ten millions digit of 74158989?
7
What is the hundred thousands digit of 34192433?
1
What is the ten millions digit of 79940194?
7
What is the units digit of 3301684920?
0
What is the ten thousands digit of 18449130?
4
What is the millions digit of 36459137?
6
What is the ten thousands digit of 40512309?
1
What is the units digit of 4014179?
9
What is the units digit of 497983976?
6
What is the hundreds digit of 1129429888?
8
What is the millions digit of 11008273?
1
What is the ten thousands digit of 141461601?
6
What is the ten millions digit of 156811373?
5
What is the hundred thousands digit of 1504993580?
9
What is the ten thousands digit of 713248703?
4
What is the tens digit of 1191318857?
5
What is the millions digit of 1154521463?
4
What is the units digit of 8918109?
9
What is the hundreds digit of 43448404?
4
What is the hundreds digit of 78563477?
4
What is the tens digit of 40617970?
7
What is the millions digit of 43147472?
3
What is the millions digit of 418899290?
8
What is the ten millions digit of 504288478?
0
What is the hundreds digit of 1142807510?
5
What is the ten millions digit of 65153198?
6
What is the hundred millions digit of 864633435?
8
What is the tens digit of 11653497?
9
What is the ten millions digit of 73546913?
7
What is the hundred millions digit of 1635607776?
6
What is the millions digit of 753452696?
3
What is the hundred thousands digit of 325766?
3
What is the hundreds digit of 1714571311?
3
What is the hundreds digit of 121963251?
2
What is the ten millions digit of 1785540538?
8
What is the units digit of 5822859353?
3
What is the hundreds digit of 401008428?
4
What is the hundred thousands digit of 258758214?
7
What is the ten millions digit of 140415735?
4
What is the thousands digit of 18917638?
7
What is the thousands digit of 275542961?
2
What is the millions digit of 88957716?
8
What is the hundred millions digit of 156510958?
1
What is the hundred thousands digit of 65374292?
3
What is the thousands digit of 328902942?
2
What is the millions digit of 16201554?
6
What is the hundreds digit of 1082099027?
0
What is the units digit of 261403678?
8
What is the hundred thousands digit of 2622809274?
8
What is the ten thousands digit of 104574744?
7
What is the hundreds digit of 1543263952?
9
What is the hundred thousands digit of 17706856?
7
What is the thousands digit of 17401334?
1
What is the hundred thousands digit of 479240349?
2
What is the ten millions digit of 205616705?
0
What is the hundred thousands digit of 738455?
7
What is the hundreds digit of 293681167?
1
What is the thousands digit of 27895964?
5
What is the ten millions digit of 82169350?
8
What is the millions digit of 782276778?
2
What is the hundreds digit of 111113167?
1
What is the ten millions digit of 93080592?
9
What is the thousands digit of 720688261?
8
What is the ten millions digit of 495144094?
9
What is the thousands digit of 2509249487?
9
What is the ten thousands digit of 592886261?
8
What is the thousands digit of 24829576?
9
What is the units digit of 182508024?
4
What is the millions digit of 16972793?
6
What is the hundred thousands digit of 63997070?
9
What is the hundred millions digit of 296706034?
2
What is the millions digit of 1165326795?
5
What is the ten thousands digit of 5663516112?
1
What is the thousands digit of 14429209?
9
What is the tens digit of 126664088?
8
What is the ten millions digit of 289005721?
8
What is the billions digit of 1989873359?
1
What is the hundred millions digit of 273210129?
2
What is the ten millions digit of 1646094118?
4
What is the ten thousands digit of 2729417?
2
What is the ten millions digit of 4270060127?
7
What is the hundred millions digit of 176920986?
1
What is the ten millions digit of 606553867?
0
What is the units digit of 1300784196?
6
What is the units digit of 72732454?
4
What is the ten thousands digit of 51210657?
1
What is the hundred thousands digit of 99982342?
9
What is the hundred millions digit of 159193290?
1
What is the units digit of 173104041?
1
What is the hundred millions digit of 320046760?
3
What is the tens digit of 699206315?
1
What is the ten thousands digit of 1206600882?
0
What is the millions digit of 552002677?
2
What is the ten thousands digit of 724541934?
4
What is the ten millions digit of 515156004?
1
What is the hundred thousands digit of 383938087?
9
What is the ten millions digit of 1020426129?
2
What is the hundreds digit of 232744924?
9
What is the units digit of 880315210?
0
What is the thousands digit of 46380469?
0
What is the ten millions digit of 5806445893?
0
What is the units digit of 1731201?
1
What is the units digit of 36175240?
0
What is the hundred thousands digit of 8594418?
5
What is the hundreds digit of 139358333?
3
What is the hundred thousands digit of 126519764?
5
What is the tens digit of 43181438?
3
What is the hundreds digit of 184353426?
4
What is the ten millions digit of 27835601?
2
What is the ten thousands digit of 3027308145?
0
What is the ten thousands digit of 657183461?
8
What is the hundreds digit of 51296077?
0
What is the ten thousands digit of 265594737?
9
What is the hundreds digit of 77460482?
4
What is the tens digit of 299912877?
7
What is the ten millions digit of 39475862?
3
What is the thousands digit of 1662691346?
1
What is the thousands digit of 1148489809?
9
What is the thousands digit of 4077639027?
9
What is the units digit of 2693754433?
3
What is the millions digit of 503353814?
3
What is the millions digi